re the prime factors of 407162145?
3, 5, 13, 2088011
List the prime factors of 1738554571.
13, 97, 1063, 1297
List the prime factors of 36345827.
7, 659, 7879
What are the prime factors of 765213013?
23, 33270131
What are the prime factors of 24598509?
3, 13, 233, 2707
List the prime factors of 958372558.
2, 11, 13, 3350953
List the prime factors of 110137614.
2, 3, 71, 258539
What are the prime factors of 782455095?
3, 5, 37, 269, 1747
What are the prime factors of 150298372?
2, 7, 1721, 3119
List the prime factors of 643420847.
9041, 71167
List the prime factors of 1437412241.
1437412241
List the prime factors of 22631648.
2, 13, 54403
What are the prime factors of 174285567?
3, 139, 46439
What are the prime factors of 203466473?
7, 4152377
List the prime factors of 65552117.
347, 188911
What are the prime factors of 1912650736?
2, 101, 1183571
List the prime factors of 37979250.
2, 3, 5, 79, 641
What are the prime factors of 33688773?
3, 197, 19001
List the prime factors of 951037902.
2, 3, 17, 23, 31, 1453
What are the prime factors of 632794985?
5, 126558997
What are the prime factors of 1473669152?
2, 37, 359, 3467
List the prime factors of 11686331.
241, 48491
List the prime factors of 608287755.
3, 5, 19, 79, 27017
List the prime factors of 1646342076.
2, 3, 137195173
What are the prime factors of 67980283?
7, 47, 206627
List the prime factors of 6093505523.
7, 19, 45815831
List the prime factors of 825830318.
2, 17, 23, 1056049
List the prime factors of 92397903.
3, 13, 887, 2671
What are the prime factors of 50458634?
2, 2053, 12289
What are the prime factors of 39328869?
3, 59, 222197
What are the prime factors of 1961206110?
2, 3, 5, 21791179
What are the prime factors of 175528459?
175528459
List the prime factors of 119508982.
2, 409, 146099
What are the prime factors of 2382420465?
3, 5, 251, 70309
List the prime factors of 610591354.
2, 59, 5174503
What are the prime factors of 1479972442?
2, 13, 151, 173, 2179
List the prime factors of 1994702256.
2, 3, 449, 30851
What are the prime factors of 3571868276?
2, 3797, 235177
List the prime factors of 6132959578.
2, 2539, 1207751
What are the prime factors of 216740695?
5, 19, 2281481
List the prime factors of 1245936081.
3, 13, 887, 36017
What are the prime factors of 608991682?
2, 13, 23422757
List the prime factors of 4258654284.
2, 3, 354887857
What are the prime factors of 56497626?
2, 3, 29, 108233
What are the prime factors of 881579566?
2, 7, 5879, 10711
What are the prime factors of 631447380?
2, 3, 5, 1169347
List the prime factors of 2035388090.
2, 5, 203538809
List the prime factors of 1012271534.
2, 127, 733, 5437
List the prime factors of 81928082.
2, 1193, 34337
What are the prime factors of 16021543?
29, 349, 1583
List the prime factors of 947936027.
173, 727, 7537
What are the prime factors of 13440267?
3, 31, 67, 719
What are the prime factors of 31295959?
29, 43, 25097
List the prime factors of 451265303.
17239, 26177
What are the prime factors of 1281733670?
2, 5, 7, 2615783
What are the prime factors of 3633456639?
3, 1033, 1172461
List the prime factors of 463638564.
2, 3, 37, 348077
What are the prime factors of 525234306?
2, 3, 47, 67, 27799
What are the prime factors of 297850671?
3, 151, 219169
What are the prime factors of 2182424738?
2, 13, 31, 809, 3347
List the prime factors of 383060343.
3, 127686781
List the prime factors of 88744084.
2, 11, 13, 47, 3301
What are the prime factors of 169714561?
73, 131, 17747
List the prime factors of 7576452.
2, 3, 13, 16189
List the prime factors of 151514380.
2, 5, 881, 8599
What are the prime factors of 148996465?
5, 61, 488513
What are the prime factors of 1919978150?
2, 5, 38399563
What are the prime factors of 27544353?
3, 9181451
List the prime factors of 135553021.
3541, 38281
What are the prime factors of 1352661002?
2, 7, 11, 8783513
What are the prime factors of 2937270885?
3, 5, 195818059
What are the prime factors of 36973771?
36973771
What are the prime factors of 131149931?
11, 53, 227, 991
What are the prime factors of 50712092?
2, 12678023
List the prime factors of 7367622794.
2, 7, 526258771
List the prime factors of 303213111.
3, 347, 291271
What are the prime factors of 10538137?
2971, 3547
List the prime factors of 31023582.
2, 3, 773, 6689
List the prime factors of 4111959494.
2, 2055979747
What are the prime factors of 47430696?
2, 3, 109, 18131
What are the prime factors of 135821530?
2, 5, 13, 1044781
List the prime factors of 566584890.
2, 3, 5, 29, 651247
List the prime factors of 70291379.
17, 37, 111751
What are the prime factors of 159527090?
2, 5, 15952709
What are the prime factors of 2314815686?
2, 7487, 154589
What are the prime factors of 796016933?
16231, 49043
List the prime factors of 30776105.
5, 19, 29, 11171
What are the prime factors of 7464240000?
2, 3, 5, 7, 1481
What are the prime factors of 242702525?
5, 13, 746777
What are the prime factors of 1209599945?
5, 19, 223, 57097
What are the prime factors of 164940137?
17, 9702361
What are the prime factors of 3288237639?
3, 1096079213
What are the prime factors of 90524665?
5, 7, 11, 23, 10223
List the prime factors of 124505439.
3, 29, 1431097
List the prime factors of 199660241.
11, 97, 187123
What are the prime factors of 25877000?
2, 5, 113, 229
What are the prime factors of 340516193?
41, 8305273
What are the prime factors of 827486770?
2, 5, 11, 853, 8819
What are the prime factors of 136281203?
163, 251, 3331
List the prime factors of 4619795342.
2, 3083, 749237
List the prime factors of 408857839.
13, 31450603
What are the prime factors of 3544735863?
3, 83, 601, 23687
What are the prime factors of 648469259?
19, 34129961
What are the prime factors of 105285977?
1693, 62189
What are the prime factors of 152577821?
11, 83, 167117
What are the prime factors of 7999668691?
7, 79, 14465947
List the prime factors of 88620178.
2, 44310089
What are the prime factors of 169132047?
3, 7, 509, 15823
List the prime factors of 31077367.
31077367
What are the prime factors of 458412250?
2, 5, 43, 42643
What are the prime factors of 130443707?
67, 1946921
What are the prime factors of 2796043342?
2, 317, 4410163
What are the prime factors of 6396064?
2, 199877
What are the prime factors of 37687235?
5, 277, 27211
List the prime factors of 4523295089.
67, 67511867
List the prime factors of 1838402907.
3, 11, 55709179
What are the prime factors of 2634736?
2, 13, 53, 239
List the prime factors of 28770693.
3, 7, 19, 10301
List the prime factors of 4715768118.
2, 3, 19, 43, 962009
What are the prime factors of 15259252?
2, 3814813
List the prime factors of 1156610290.
2, 5, 11, 179, 58741
List the prime factors of 46837926.
2, 3, 19, 15217
What are the prime factors of 3064430203?
29, 547, 193181
What are the prime factors of 19019443?
37, 47, 10937
What are the prime factors of 5463279047?
73, 479, 156241
What are the prime factors of 79986345?
3, 5, 5332423
What are the prime factors of 350076919?
19, 257, 71693
List the prime factors of 227848300.
2, 5, 131, 17393
What are the prime factors of 5538136246?
2, 37, 74839679
What are the prime factors of 588587923?
7, 11, 17, 41, 997
What are the prime factors of 466411763?
109, 4279007
What are the prime factors of 55836760?
2, 5, 7, 199417
List the prime factors of 982155622.
2, 7, 1049, 66877
List the prime factors of 621635304.
2, 3, 53, 397, 1231
List the prime factors of 746565208.
2, 53, 1760767
List the prime factors of 4365701769.
3, 11, 13, 10176461
What are the prime factors of 105616895?
5, 4463, 4733
What are the prime factors of 1783928953?
419, 4257587
What are the prime factors of 1747686585?
3, 5, 79, 479, 3079
List the prime factors of 3380963455.
5, 19, 1031, 34519
List the prime factors of 737868136.
2, 17, 97, 55933
What are the prime factors of 1436555933?
19, 241, 313727
List the prime factors of 76421456.
2, 23, 9029
What are the prime factors of 229630979?
19, 389, 31069
List the prime factors of 3927442610.
2, 5, 7, 13, 88079
What are the prime factors of 635568004?
2, 409, 388489
What are the prime factors of 104145764?
2, 19, 827, 1657
What are the prime factors of 26217362?
2, 13108681
List the prime factors of 110394295.
5, 11, 359, 5591
What are the